hundreds digit of s?
2
Let p(u) be the third derivative of u**5/15 + 13*u**4/24 + 31*u**3/6 + 2*u**2 + 59. What is the units digit of p(-7)?
6
Suppose 4*y + 4*w - 188 = 0, 2*y + w + 29 = 126. Let k = 8 - y. Let x = k + 102. What is the tens digit of x?
6
Let t = -20 + 23. Suppose 0 = 10*j - t - 17. Suppose -3*c - 4*z = z - 293, 3*z = -j*c + 197. What is the tens digit of c?
0
Let b be 117/6*16/6. Let y = 55 - b. Suppose -62 = -w - 5*h, 2*w - 24 - 113 = y*h. What is the units digit of w?
7
Suppose -3*p = -163*o + 171*o - 52964, 0 = -2*o + 2*p + 13230. What is the hundreds digit of o?
6
Suppose 81 + 87 = 8*u. Suppose -u = 5*t - 1. Let q = 19 + t. What is the tens digit of q?
1
Let p(b) = 37*b**2 - 15 + b**3 - 66*b**2 + 40*b**2 - 10*b. What is the tens digit of p(-9)?
3
Let w(t) = 1264*t - 328. What is the hundreds digit of w(5)?
9
Suppose -3*s = -2*c - 39, -2*c + 0 = -s + 9. Suppose -3*k + 0*k = -s. Suppose 5*v - v = 4*m + 224, 3*m - 304 = -k*v. What is the tens digit of v?
5
Suppose 313*k - 46056 = 977141. What is the units digit of k?
9
Let i be -14*(0 - 1) + 2. Suppose -27*d + 12*d - 30 = 0. What is the units digit of ((-212)/i)/(d/8)?
3
Suppose -24*v = 6*v - 9660. Let s = v + 99. What is the units digit of s?
1
Suppose -22 = 2*q - 5*q - d, 5*q - d = 26. Suppose q*l = 9*l - 1422. What is the units digit of l?
4
What is the thousands digit of 465/2480 + (-1822887)/(-48)?
7
Suppose 10*t - 7*t = 5*b + 45054, t = 5*b + 15008. What is the hundreds digit of t?
0
Let b = -172 - -63. Let u be ((-279)/(-2))/(1/2). Let t = u + b. What is the units digit of t?
0
Suppose -3*k = -2*t + 97 + 29, -126 = -2*t + 4*k. What is the tens digit of 3016/10 - (t/15)/7?
0
Let p(s) be the third derivative of 1/6*s**4 + 19*s**2 + 13/2*s**3 + 0*s - 1/120*s**6 + 7/20*s**5 + 0. What is the tens digit of p(21)?
2
Let r be (-98)/343 + (-93)/(-7). Suppose 3*o + i = 2122, r*o - 12*o = 5*i + 702. What is the tens digit of o?
0
Let g = 66 + -64. Let l be g/9 - 70/(-90). Let o(k) = 36*k - 7. What is the tens digit of o(l)?
2
What is the tens digit of 63641 - (9 + 2 + 3)?
2
Let d(l) be the third derivative of -l**6/120 - 43*l**5/60 - 11*l**4/24 + 139*l**3/6 - 18*l**2 - 3. What is the tens digit of d(-43)?
1
Let p(r) = -22*r - 232. Let o be p(-56). Let y = o - -400. What is the thousands digit of y?
1
Suppose 121*w - 7646147 = 2402903. What is the tens digit of w?
5
Let w be 4 + 7/((-7)/8) - -6. Let a be (1 + (-3)/w - 0)*24. Let p(t) = -t**3 - 8*t**2 + 37*t - 5. What is the hundreds digit of p(a)?
1
Suppose 241*m + 228*m = 97*m + 10834128. What is the tens digit of m?
2
Let y = -3 + -1. Suppose 2*u - 5*a - 11 = 0, -u - 2*a = -6*a - 7. What is the units digit of 45 - (u - (y + 4))?
2
Suppose 10*s = 4*s + 24. Suppose n - s*p - p + 3 = 0, 0 = 2*n - 5*p + 6. What is the units digit of (-368)/(-4) + -3 + n?
6
Let o(x) = 371*x - 16. Let c(s) = -744*s + 31. Let u(n) = 3*c(n) + 7*o(n). What is the tens digit of u(1)?
4
Suppose 207 + 1275 = 2*h. Let q = 1456 - h. What is the hundreds digit of q?
7
Suppose 4*a = 4*k - 100, -3*a = 4*k + 4 - 83. Suppose -26*x + 2016 = -k*x. What is the tens digit of x?
0
Suppose -9*z + 22*z - 182 = 0. Let q = z - -160. What is the hundreds digit of q?
1
Suppose -25*i - 25 = -30*i. Suppose -3*c + 2*f = -565, f + 213 = i*c - 724. What is the hundreds digit of c?
1
What is the units digit of (875/(-20))/(28/(-4704))?
0
Suppose -2*c - 1 = -c. Let z be (230/30)/(c/(-6)). Suppose 5*r = -2*j + 82, 3*r - 3*j + j - z = 0. What is the units digit of r?
6
Let v(i) = i**3 - 8*i**2 + 3*i - 6. Let y = 60 + -65. Let h be (-120)/y*(-1)/(-3). What is the units digit of v(h)?
8
Let l = -51 + 58. Suppose 3*c = -3*n + 18, c = -3*n + 7 + l. Suppose -3*g + 0*v + 460 = 5*v, n*g - 618 = -2*v. What is the units digit of g?
5
Let f = 19688 + -11826. What is the tens digit of f?
6
Suppose 2*w = -5*m + 2, -4*m + w + 4 = 2*w. Suppose 0 = -5*g + 5*z - 710, m*g + z + 426 = 127. Let p = g - -181. What is the units digit of p?
4
Let l(v) be the second derivative of -v**5/20 - 5*v**4/12 - v**3/2 - 9*v**2/2 - 17*v. Let u be l(-5). Suppose -u*t = t - 595. What is the units digit of t?
5
What is the units digit of -3 - 42/7*267/(-9)*22?
3
Let t(q) be the third derivative of q**6/24 - q**5/60 + q**4/8 - q**3/2 + 17*q**2. Let g be t(1). Let b(j) = 7*j**2 - 9*j + 7. What is the tens digit of b(g)?
8
Let z = -12645 - -18382. What is the units digit of z?
7
What is the hundreds digit of 34476/10 + -3 - 4/(-10)?
4
Suppose 5*n = h + 3*n + 10, -3*h = n + 16. Let q(m) be the first derivative of -m**4/4 - 8*m**3/3 - 13*m**2/2 + m + 1. What is the units digit of q(h)?
7
Let k be -9*(-4 + 3)*28/(-3). Let r(h) = 12*h**2 + 4*h - 5. Let b be r(3). Let f = b + k. What is the units digit of f?
1
Let y = 15069 - 5916. What is the units digit of y?
3
Let b(z) = 7*z - 5. Suppose y + 200 = 6*y. Suppose 4*o + o - y = 0. What is the tens digit of b(o)?
5
Let x = 46 + -42. Suppose 0 = x*z + 4*d - 464, -d = -4*z - 0*d + 484. Suppose -4*g = -5*y - 165, 0*g + 5*y + z = 3*g. What is the units digit of g?
5
Let i(g) = -4*g**3 - 3*g**2 - 12*g - 24. Let q = -6 - -22. Suppose 0 - q = 4*c. What is the hundreds digit of i(c)?
2
Suppose t - 168 - 90 = 0. Let u(o) = 3*o**2 - 6*o + 1. Let r be u(4). Suppose -r*x + 27*x - t = 0. What is the units digit of x?
9
Let o(x) = -38*x + 99. Let j(z) = -45*z + 100. Let y(k) = -6*j(k) + 7*o(k). What is the hundreds digit of y(8)?
1
Suppose -2*h = -5*j - 59, 0 = -4*h + j + 2*j + 83. Suppose -19*f + h*f + 8 = 0. Suppose -v - 5*d = -37, -2*d + 94 = 8*v - f*v. What is the tens digit of v?
2
Let m = 36 - 56. Let c = -17 - m. Suppose -5*b = -c*y + 340, 0*b - 2*b + 216 = 2*y. What is the tens digit of y?
1
Suppose 0 = -x - 187 + 17. Let o = 53 - x. What is the tens digit of o?
2
Let m = -7998 - -12164. What is the thousands digit of m?
4
Let i(s) = -37*s**2 + 24*s**2 + 9*s**2 + 18 + s**3 + 3*s. What is the hundreds digit of i(9)?
4
Let s(t) = -51*t - 4. Let u(c) = -102*c - 6. Let l(r) = 5*s(r) - 3*u(r). What is the hundreds digit of l(5)?
2
Let x = 243 + -771. Let b be (-3 - (1 + x)) + 12/4. Suppose -7*v + 446 + b = 0. What is the tens digit of v?
3
Let y(t) = 234*t - 17. What is the units digit of y(19)?
9
What is the tens digit of (-83692)/((-49)/7) - (1 + 2 - 2)?
5
Suppose 0 = 123*n - 127*n + 2*h - 28, -4*n - 5*h = 42. Let w(z) = 10*z - 2. Let y(g) = -15*g + 3. Let i(k) = -8*w(k) - 5*y(k). What is the tens digit of i(n)?
4
Suppose -3*o - 4*i = -4*o + 20, -i + 2 = 0. Suppose o*h - 39*h + 1309 = 0. What is the tens digit of h?
1
Suppose q + 1083*w - 1088*w = 3404, 2*w = -4*q + 13814. What is the hundreds digit of q?
4
Let h be (-4)/(1 + -4 + 2). What is the hundreds digit of (-1)/(50/(-17830)) - h/(-10)?
3
Let b = 153078 - 90128. What is the ten thousands digit of b?
6
Suppose -158743 = -1874*l + 1902*l - 744447. What is the thousands digit of l?
0
Let l be 895/55 - (-12)/(-44). What is the thousands digit of ((-10)/(-4))/(9439/(-590) + l)?
1
What is the units digit of 152/19 + 55308/3?
4
Suppose 8*m + 2 = 10*m. Let v(x) = 476*x**2 - 2*x + 3. Let i be v(m). Suppose -i = -2*q - 91. What is the units digit of q?
3
Let n be ((-80)/28)/((-8)/28). Let w = n + 31. What is the units digit of -9 + 6 + w*1?
8
Suppose i + 5*h - 7127 = 0, 0 = 9*i + 4*h - 10931 - 53048. What is the units digit of i?
7
Suppose -44356 = -2*v - 2*j, 4*v - 3*j - 47998 = 40770. What is the hundreds digit of v?
1
Let d(l) = 33*l + 11. Let p be d(11). Let a = p - 185. What is the tens digit of a?
8
Let l(t) = -5*t**2 + 10*t + 1. Let f(r) = -4*r**2 + 10*r + 1. Let p(o) = 3*f(o) - 2*l(o). Let n be p(5). What is the tens digit of 3/(-2 + n + 21/18)?
1
Let o(v) = -v**2 - 13*v - 24. Let s be o(-8). Let f(r) = 6*r + 21*r - 36*r + s - 5. What is the units digit of f(-20)?
1
Let l(p) = 63369*p**2 - 1202*p + 1202. What is the tens digit of l(1)?
6
Let d = 57970 - 28277. What is the thousands digit of d?
9
Let r = 21002 + -5177. What is the tens digit of r?
2
Suppose 5*s - 13 - 19 = y, 4*y = -s - 23. Let q(f) = -15*f + 21. Let r(i) = -1. Let o(k) = q(k) + 5*r(k). What is the hundreds digit of o(y)?
1
Let w(t) = -16*t + 4243. What is the units digit of w(62)?
1
Suppose -1386 = -l - 380. Suppose 2*a - l = -4*t, -t - 6 = -4*t. Suppose -a = -